+ 56 + 20 = y*c. What are the prime factors of f?
17
Let c(l) = -3*l**2 + 2*l**2 + 14 + 0*l**2. Let p be c(0). List the prime factors of p - 2*3/6.
13
Let y be -1*(-12)/(-4)*11. Let b = y - -52. What are the prime factors of b?
19
Let p be -16 + -3 - 0/5. Let b = p + 31. List the prime factors of b.
2, 3
Let y = 26 + -79. Let r = 74 + y. List the prime factors of r.
3, 7
Suppose -4*z - 61 + 261 = 0. Let i = z + -34. What are the prime factors of i?
2
Let d(t) = t**3 - 7*t**2 - 7*t + 2. Let j be d(8). Suppose -26 = -5*a + 3*k + j, 4*k - 3 = a. List the prime factors of a.
3
What are the prime factors of (-3)/9*45/(-1)?
3, 5
Suppose -w + 4*p - 3 - 4 = 0, -3*w + 14 = -5*p. List the prime factors of w.
13
Let z be 10 + 3 + (-2 - 4). Let h(w) = w**3 - 7*w**2 + 8*w - 4. Let o be h(z). Let m = o - 33. List the prime factors of m.
19
Suppose 23 = 4*g - 17. Let s(o) = o**2 - 9*o - 2. List the prime factors of s(g).
2
Let h(t) = 2*t**2 + 8*t - 2. What are the prime factors of h(-8)?
2, 31
Suppose -3*j + 6 = -6. List the prime factors of 25/4*1*j.
5
Suppose -3*z + 301 = 4*z. List the prime factors of z.
43
Suppose s - 3 = 1. Suppose -15 = -9*w + s*w. What are the prime factors of (1/w)/(4/132)?
11
Suppose -4*n - u = -n - 21, 2*u + 38 = 4*n. Let z be 20/n*(-12)/10. What are the prime factors of (z/2)/(9/(-18))?
3
Suppose -a + 0*s = -2*s, 4*a = 2*s. Suppose 3*y = 3*u + 42, y - 5*u = 2 - a. List the prime factors of y.
17
Let j = -147 - -207. List the prime factors of j.
2, 3, 5
Suppose 10*s - 228 = 7*s. Suppose 2*r - 94 = -4*h, -3*r - 2*h + s = -65. What are the prime factors of r?
47
Let y(d) = 4*d + 2*d - d - d**2 + 2. Let w be y(5). Let s = 6 + w. What are the prime factors of s?
2
Let x(q) = q + 4. Let a be x(-3). Let j be -2*a*(-9)/6. Suppose j*n - 4*n = -9. List the prime factors of n.
3
Suppose -9*n + 93 = -6*n. What are the prime factors of n?
31
Let j = 331 - 219. List the prime factors of j.
2, 7
List the prime factors of 2/(-6) - ((-2144)/6)/4.
89
Let z(w) be the second derivative of w**5/60 + w**4/24 - w**3/6 + w**2 + w. Let i(u) be the first derivative of z(u). What are the prime factors of i(-4)?
11
Let a(f) = f**3 - 6*f**2 - 2*f - 9. What are the prime factors of a(7)?
2, 13
Suppose -5*y + 182 + 144 = 4*c, y - 3*c = 50. Suppose -4*o + y + 58 = 0. Suppose -3*n + o = 2*n. List the prime factors of n.
2, 3
Let f(m) = m**3 - 12*m**2 + 12*m - 4. Suppose 5*z - 5*r = 3*z - 65, 4*z + 155 = 5*r. Let h be 4/(-16) - z/4. List the prime factors of f(h).
7
Suppose 0 = y + y. Suppose -3*r = -r + 10, y = 4*j + 5*r - 19. List the prime factors of j.
11
Let x be (2 - 2)/(2/2). List the prime factors of (x - 11)/((-2)/4).
2, 11
Let b(f) = f**2 - 2*f + 2. What are the prime factors of b(6)?
2, 13
Let x = -19 - -29. Let h = x - -3. List the prime factors of h.
13
List the prime factors of (1 + 0)*(-30 - -133).
103
List the prime factors of 1 + ((-28)/(-4) - -3).
11
Suppose -36 = -2*l + 6*l. Let w(q) = q**2 + 9*q + 10. What are the prime factors of w(l)?
2, 5
Let f = 86 - 49. List the prime factors of f.
37
Let c(p) = -p**2 + 9*p + 7. Let d be c(10). Let g(r) = -9*r + 3. What are the prime factors of g(d)?
2, 3, 5
What are the prime factors of (4 - -1)/((-2)/(-22))?
5, 11
Let r = 69 - 33. Let d = r + 20. Suppose 5*j = 5*k + 45, -4*k + 11 = -5*j + d. List the prime factors of j.
3
Let x(w) = 2*w**2 - 3*w - 14. Let b be x(6). Let r = b + -14. What are the prime factors of r?
2, 13
Let n(t) = 6*t**2 - t + 1. Let k be n(1). Let g = k - 8. Let j(h) = -h**3 + 2*h**2 + h - 1. What are the prime factors of j(g)?
13
Let f(u) = -u**3 + 5*u**2 + 6*u + 5. Let a be f(6). Let o(v) = 2*v + 1. Let w be o(2). List the prime factors of 18/a*w/2.
3
Let d(s) = -s**3 - 5*s**2 - 5*s - 4. Let r be d(-4). Suppose 2*c + 3*l = 71, 3*c - 4*c - 4*l + 48 = r. What are the prime factors of c?
2, 7
Suppose -21*q + 19*q + 186 = 0. List the prime factors of q.
3, 31
Let r(o) = -o + 13. Let p be r(11). Suppose -f + p = -32. Let w = -12 + f. What are the prime factors of w?
2, 11
Let w be 1*-2 + 2 - 0. Let r be 16/(-7) + 4/14. What are the prime factors of 2/(w - r/8)?
2
Let y be (6/(-4))/((-1)/(-2)). List the prime factors of 1 - y/(-6)*-4.
3
Suppose 0 = 5*z - 4*o + 8*o - 21, -2*z - 5*o + 5 = 0. Let g(a) = 1 - 4 + 2*a + 0*a. List the prime factors of g(z).
7
Let u(a) = a**3 - 6*a**2 + 3*a - 4. What are the prime factors of u(6)?
2, 7
Let g(l) = -l - 3. Let o be g(-5). Suppose -2*u = 4*a + 16, a + 0 = -o*u - 1. Suppose -u*m - 3*j = -15, 0 = 5*m + 3*j - 27 - 15. List the prime factors of m.
3
Let m(g) = 5*g**2 - 6*g + 4. Let f be m(4). Suppose n - f = -3*n. What are the prime factors of n?
3, 5
Suppose 5*n + 1 + 23 = b, -n = -b + 8. Suppose -5*k + 64 = 4*s - 2*k, -2*k - 84 = -b*s. List the prime factors of s.
19
Suppose 0 = -2*s + 34 + 8. What are the prime factors of s?
3, 7
Let w(t) = t**2 - 4*t + 2. Let v be w(6). Suppose -176 = 10*x - v*x. List the prime factors of x.
2, 11
Suppose 2 - 12 = -5*h. Suppose 0 = 2*p - 2*k, -4*p + 2*k - h + 8 = 0. What are the prime factors of (-12)/(-5) + p/5?
3
Let q(y) = -6*y**3 - 3*y**2 - 6*y - 8. Let h be q(-4). List the prime factors of (-5)/(-2)*h/20.
2, 11
Let u(z) = z**3 - 7*z**2 - z - 1. List the prime factors of u(8).
5, 11
Suppose 3*t + 23 = -0*n + n, 4*n = 3*t + 128. List the prime factors of n.
5, 7
Let z = -6 + 11. Suppose 5*i - r - 2 - 7 = 0, 0 = -3*i - z*r + 11. List the prime factors of i.
2
List the prime factors of 1*4 - (-119 + 9).
2, 3, 19
Let a = -9 + 5. Let y = -4 - a. Suppose y = 4*b - 12 - 8. List the prime factors of b.
5
Let w = 9 + -5. Suppose 2*m - 6 = w. What are the prime factors of m + 0 + (-3 - -1)?
3
Let o = 2 - 1. Let a(b) be the first derivative of 17*b**4/4 + b**2/2 - b - 10. What are the prime factors of a(o)?
17
Let w = 20 - 9. What are the prime factors of w?
11
Let i be (-9)/(-2) + 3/(-2). Let r(b) = b**3 - b**2 - 1. List the prime factors of r(i).
17
Let o(q) = 2*q**2 - 12*q + 2. Let p be o(12). List the prime factors of p/12 - (-4)/(-24).
2, 3
Suppose -4*i + 376 = 40. List the prime factors of i.
2, 3, 7
Suppose -5*l = -8 - 2. Suppose -l*i + 4*q + 36 = 3*i, q + 8 = i. List the prime factors of i.
2
Let o(y) = -y - 7. Let l(x) = 2*x + 14. Let a(b) = -4*l(b) - 9*o(b). List the prime factors of a(9).
2
Let l be -10 + -1 + 1 + -1. Let a = l + 34. What are the prime factors of a?
23
Suppose 5 + 16 = 7*i. List the prime factors of ((-2)/i)/((-1)/33).
2, 11
Let f(q) = -6*q - 39. What are the prime factors of f(-10)?
3, 7
Let s(n) = -n**2 + 3 - 3 - n**3 - 10*n + 13*n**2. List the prime factors of s(11).
11
Let r be (3 + -4)*1 - -3. Suppose 5*u + 5*p - 100 = 0, -u - 40 = -r*u - 5*p. List the prime factors of u.
3, 5
Let f be (-6)/(-2*1/(-16)). Let u = 82 + f. Suppose 0*c - 2*c = -u. What are the prime factors of c?
17
Let a(s) = 3*s**2 + 6*s - 5. Let q(w) = w**2 + 7*w + 1. Let t be q(-6). List the prime factors of a(t).
2, 5
Suppose 3*c = -c + 264. Let s = c + -44. What are the prime factors of s?
2, 11
What are the prime factors of -7 + 4 + 4 + 77?
2, 3, 13
Suppose -24 = -26*o + 18*o. List the prime factors of o.
3
Suppose -3*t - 66 = -408. List the prime factors of t.
2, 3, 19
Let w be (-23)/(-7) + 4/(-14). Let m(z) = 5*z**2 + 9*z + 3. Let s(i) = -6*i**2 - 9*i - 3. Let h(a) = w*s(a) + 4*m(a). What are the prime factors of h(-6)?
3, 7
Suppose 0 = m + m - 52. Let z be (-8)/6 + 494/(-39). Let y = m + z. List the prime factors of y.
2, 3
Suppose d - 10 = -d. Let g be 0*((-15)/6)/d. Suppose 3*t + 17 + 0 = 5*n, g = n - 4*t. List the prime factors of n.
2
Let z = 491 - 182. What are the prime factors of z?
3, 103
What are the prime factors of (-4 + 2)*(0 + 12/(-8))?
3
Suppose -4*m = -6*m - 50. Let w = m - -31. List the prime factors of w.
2, 3
Suppose 0 = -6*q + 5*q + 22. What are the prime factors of q?
2, 11
Suppose 2*m - 5 - 1 = 0. What are the prime factors of m?
3
List the prime factors of 5*82*14/35.
2, 41
Let a be 1 + -2 + (1 - 0). Suppose 0 = -5*s - 15, a = -5*i + 5*s - 0*s + 50. List the prime factors of (-164)/(-14) + 2/i.
2, 3
Let y = -320 - -491. List the prime factors of y.
3, 19
Let i be ((-7)/(-4))/(2/40). Suppose -5*x + i = 5*g, 4*x - g = g - 2. List the prime factors of x.
2
Let n be 1*(69 + 3/3). Suppose -3*v = -